{"id":384,"date":"2016-07-20T14:07:21","date_gmt":"2016-07-20T12:07:21","guid":{"rendered":"http:\/\/lillycat-dolls.com\/shop_v4\/?post_type=product&#038;p=384"},"modified":"2016-08-01T11:23:49","modified_gmt":"2016-08-01T09:23:49","slug":"sandre-grey","status":"publish","type":"product","link":"https:\/\/www.lillycat-dolls.com\/shop_v4\/product\/sandre-grey\/","title":{"rendered":"Sandre &#8220;Grey&#8221;"},"content":{"rendered":"<p>Sandre est une\u00a0<strong>Poup\u00e9e d\u2019Artiste<\/strong>\u00a0enti\u00e8rement fabriqu\u00e9e par mes soins, Le moule est limit\u00e9e \u00e0 la vente \u00e0 8 exemplaires et chacune d\u2019elle est travaill\u00e9e afin de la rendre unique (couleur de la r\u00e9sine, personnage\u2026).<br \/>\nVoici &#8221; Grey &#8220;, elle est r\u00e9alis\u00e9e en r\u00e9sine polyur\u00e9thane\u00a0 et mesure 53cm.<\/p>\n<p>Elle a \u00e9t\u00e9 enti\u00e8rement peinte avec des acryliques professionelles \u00e0 l\u2019aerographe et aux pinceaux et prot\u00e9g\u00e9e avec un vernis adapt\u00e9 \u00e0 la r\u00e9sine. Les jointures sont \u00e9galement prot\u00e9g\u00e9es\u00a0 avec des bandes de cuir afin de minimiser les froitements.<br \/>\nElle est accompagn\u00e9e d\u2019une boite enti\u00e8rement fabriqu\u00e9e et peinte \u00e0 la main par mes soins selon un design exclusif.<\/p>\n<p><strong>Cette pi\u00e8ce est actuellement dans une collection priv\u00e9e et n\u2019est donc plus disponible \u00e0 la vente.<\/strong><\/p>\n<p><strong><img loading=\"lazy\" decoding=\"async\" title=\"grey\" src=\"http:\/\/www.lillycat-dolls.com\/shop\/images\/grise\/jpg\/IMG_2820.jpg\" alt=\"grey\" width=\"655\" height=\"983\" \/><\/strong><\/p>\n<p><strong><img loading=\"lazy\" decoding=\"async\" title=\"grey\" src=\"http:\/\/www.lillycat-dolls.com\/shop\/images\/grise\/jpg\/IMG_2823.jpg\" alt=\"grey\" width=\"655\" height=\"983\" \/><\/strong><\/p>\n<p><strong><img loading=\"lazy\" decoding=\"async\" title=\"grey\" src=\"http:\/\/www.lillycat-dolls.com\/shop\/images\/grise\/jpg\/grey.jpg\" alt=\"grey\" width=\"655\" height=\"1401\" \/><\/strong><\/p>\n<p><strong><img loading=\"lazy\" decoding=\"async\" title=\"grey\" src=\"http:\/\/www.lillycat-dolls.com\/shop\/images\/grise\/jpg\/grey2.jpg\" alt=\"grey\" width=\"655\" height=\"1233\" \/><\/strong><\/p>\n<p><strong><img loading=\"lazy\" decoding=\"async\" title=\"grey\" src=\"http:\/\/www.lillycat-dolls.com\/shop\/images\/grise\/jpg\/IMG_2803.jpg\" alt=\"grey\" width=\"655\" height=\"983\" \/><\/strong><\/p>\n<p><strong><img loading=\"lazy\" decoding=\"async\" title=\"grey\" src=\"http:\/\/www.lillycat-dolls.com\/shop\/images\/grise\/jpg\/IMG_2824.jpg\" alt=\"grey\" width=\"655\" height=\"983\" \/><\/strong><\/p>\n<p><strong><img loading=\"lazy\" decoding=\"async\" title=\"grey\" src=\"http:\/\/www.lillycat-dolls.com\/shop\/images\/grise\/jpg\/IMG_2828.jpg\" alt=\"grey\" width=\"655\" height=\"382\" \/><\/strong><\/p>\n<p><strong>\u00a0<\/strong><\/p>\n<p><strong><img loading=\"lazy\" decoding=\"async\" title=\"grey\" src=\"http:\/\/www.lillycat-dolls.com\/shop\/images\/grise\/jpg\/IMG_2814.jpg\" alt=\"grey\" width=\"655\" height=\"983\" \/><\/strong><\/p>\n<p><strong><img loading=\"lazy\" decoding=\"async\" title=\"grey\" src=\"http:\/\/www.lillycat-dolls.com\/shop\/images\/grise\/jpg\/IMG_2826.jpg\" alt=\"grey\" width=\"655\" height=\"437\" \/><\/strong><\/p>\n<p><strong><img decoding=\"async\" title=\"grey\" src=\"http:\/\/www.lillycat-dolls.com\/shop\/images\/grise\/jpg\/IMG_2827.jpg\" alt=\"grey\" width=\"655\" \/><\/strong><\/p>\n<p><strong>\u00a0<\/strong><\/p>\n","protected":false},"excerpt":{"rendered":"<p><strong>Cerisedolls sandre &#8221; Grey &#8220;<\/strong><\/p>\n<p><strong>* SOLD OUT *<\/strong><\/p>\n","protected":false},"featured_media":385,"comment_status":"open","ping_status":"closed","template":"","meta":[],"product_cat":[9,45,49],"product_tag":[],"_links":{"self":[{"href":"https:\/\/www.lillycat-dolls.com\/shop_v4\/wp-json\/wp\/v2\/product\/384"}],"collection":[{"href":"https:\/\/www.lillycat-dolls.com\/shop_v4\/wp-json\/wp\/v2\/product"}],"about":[{"href":"https:\/\/www.lillycat-dolls.com\/shop_v4\/wp-json\/wp\/v2\/types\/product"}],"replies":[{"embeddable":true,"href":"https:\/\/www.lillycat-dolls.com\/shop_v4\/wp-json\/wp\/v2\/comments?post=384"}],"wp:featuredmedia":[{"embeddable":true,"href":"https:\/\/www.lillycat-dolls.com\/shop_v4\/wp-json\/wp\/v2\/media\/385"}],"wp:attachment":[{"href":"https:\/\/www.lillycat-dolls.com\/shop_v4\/wp-json\/wp\/v2\/media?parent=384"}],"wp:term":[{"taxonomy":"product_cat","embeddable":true,"href":"https:\/\/www.lillycat-dolls.com\/shop_v4\/wp-json\/wp\/v2\/product_cat?post=384"},{"taxonomy":"product_tag","embeddable":true,"href":"https:\/\/www.lillycat-dolls.com\/shop_v4\/wp-json\/wp\/v2\/product_tag?post=384"}],"curies":[{"name":"wp","href":"https:\/\/api.w.org\/{rel}","templated":true}]}}